m.
2, 211
Let i = 214 + 338. List the prime factors of i.
2, 3, 23
Let z(k) = -2*k. Let q be z(2). Let p = q + 4. Suppose 3*d - 4*a + a - 60 = 0, d - 5*a - 32 = p. List the prime factors of d.
17
Let p(f) = -2*f + 3. Let a be (3 + -3)/(-3)*-1. List the prime factors of p(a).
3
Suppose 0*d - 2*n - 477 = -3*d, -2*d = -n - 317. Let g = -111 + d. What are the prime factors of g?
2, 23
Let w(l) = 16*l**2 - 33*l + 11. What are the prime factors of w(11)?
2, 3, 11
Suppose n + w = -2, 4*w + 24 - 2 = 3*n. Suppose -v + 68 = n*l, -l + 5*v = -0*l - 12. List the prime factors of l.
2
Let p be (-3 - 0)*7 + 3. List the prime factors of (p/8)/(9/(-60)).
3, 5
Let n(a) be the first derivative of a**2 + 55*a - 7. List the prime factors of n(0).
5, 11
Let y(h) = -h**3 - 2*h**2 + 2*h - 6. Let k be y(-3). Let j be (-9)/k - 13/1. What are the prime factors of 2/j - (-1968)/40?
7
Let a = -417 + 609. Suppose -5*w = w - a. List the prime factors of w.
2
Let u(l) be the first derivative of l**3/3 + 9*l**2/2 + 10*l + 6. Let v be u(-8). List the prime factors of v/(-6) - (-20)/6.
3
Let n(j) = j**2 + 2*j - 7. Suppose -l = 5 - 0. Let x be n(l). Suppose u = x + 10. List the prime factors of u.
2, 3
Suppose -k = -6*k - 1030. Let w = k - -404. List the prime factors of w.
2, 3, 11
What are the prime factors of 8/(-4) - -812 - (-2 - 4)?
2, 3, 17
Let a = -7 + 11. Suppose 0*o - a*o + 2*x = -178, -3*x - 99 = -2*o. List the prime factors of o.
2, 3, 7
What are the prime factors of (1/9)/((-15)/(-90))*2388?
2, 199
Suppose -2*r = -b - 3, b - 2*b = 5*r - 18. Let z(l) = 27*l - 1. List the prime factors of z(r).
2, 5
Let p(i) = -6*i - 14. Let d(q) = q**2 + 5*q + 13. Let f(b) = 5*d(b) + 4*p(b). Let s be f(-3). Suppose -5*x + 129 + s = 0. What are the prime factors of x?
2, 3
Let c(j) = 3*j**2 + j - 5. Let a be c(-4). Suppose 2*k + 18 = 2*v, k + 25 = 65*v - 60*v. Suppose v*s - a = -7. List the prime factors of s.
2
Let m = -24 - -17. Let s(w) = 7 + w**3 - 4*w**3 + 4*w**3 + 8*w + w**2 + 8*w**2. List the prime factors of s(m).
7
Let m = 140 + 635. List the prime factors of m.
5, 31
Suppose -80*s = -9*s - 218822. List the prime factors of s.
2, 23, 67
Let t(o) = 10*o - 48. What are the prime factors of t(16)?
2, 7
Let x(l) = 4*l**2 - 3*l - 5. Suppose -4*n - 2*p + 3*p + 15 = 0, 2*n = -p + 15. What are the prime factors of x(n)?
2, 5
Let m = -90 + 48. What are the prime factors of (548/6*-1)/(m/63)?
137
Let a(z) = z**2 - 5*z + 2. Let y be a(6). List the prime factors of y/(-6) + (-36)/54 + 274.
2, 17
Let v(q) = 21*q**2 + 2*q + 11. What are the prime factors of v(-3)?
2, 97
Suppose -3*o - 9 = -6*o. Let n(r) = 0*r + 1 + r + r**3 - r**2 + 3*r. List the prime factors of n(o).
31
Let i(f) be the third derivative of 0 + 0*f + 13/6*f**3 - 1/24*f**4 - 6*f**2. List the prime factors of i(11).
2
Let x(l) = -l**3 + 42*l**2 + 18*l + 6. List the prime factors of x(42).
2, 3, 127
Suppose 10*n = 6*n - 8*n. Let z(v) = -2*v + 60. Let j(q) = -2*q + 60. Let s(k) = -5*j(k) + 6*z(k). What are the prime factors of s(n)?
2, 3, 5
Suppose -18*z = -22*z + 2404. List the prime factors of z.
601
Suppose -86 = -4*c + 50. Let k = 74 - c. List the prime factors of k.
2, 5
Suppose 2*z - 16 = -2*n, -2*n + 4*z = 2*z - 12. Let a(g) = -g + 1 - 3 + n*g**2 + 3. List the prime factors of a(2).
3
Suppose -3115 = 25*g - 7990. List the prime factors of g.
3, 5, 13
Let d(h) = 3*h - 1. Let i be d(-14). Let b = -22 - i. Suppose -9*v + 6*v + b = 0. What are the prime factors of v?
7
Let f = 8464 + -5236. What are the prime factors of f?
2, 3, 269
Suppose 9*l - 6 = 3*l. What are the prime factors of (1080*1)/(-10)*l*-1?
2, 3
Let m be -8 + 6 + 6 + -2. Suppose 3*i - m*g = 174, 0 = 3*i - 4*i - 5*g + 41. What are the prime factors of i?
2, 7
Suppose 1147 = f - v, 4*f + 3*v + 2268 = 6835. List the prime factors of f.
2, 11, 13
Suppose -4986 = -53*z + 35*z. List the prime factors of z.
277
Let m(q) = q**3 - 13*q**2 - 2*q - 12. Let l be m(12). List the prime factors of l/(-24)*(-18)/(-5).
3
Let y(m) = m. Let z(q) = -10*q**2 + 3. Let b(o) = -3*y(o) + z(o). Let d be b(-3). What are the prime factors of 3/(-2) + d/(-4)?
2, 3
Let z = 119 - 40. Suppose -2*h - 3*h + z = 4*a, -h = 2*a - 41. List the prime factors of a.
3, 7
Let n = 18 - -148. List the prime factors of n.
2, 83
Suppose -2*j + 0*v + 546 = -v, -3*j = 2*v - 826. List the prime factors of j.
2, 137
Suppose 2*g + 3*t = 954 - 164, 3*g - 1186 = -5*t. List the prime factors of g.
2, 7
Let c be ((-33)/(-6) + -4)*-2. Let l be -5*(-1 + 4)/c. Suppose -5*w - 38 = -3*b - 7, -4*w = -l*b + 30. What are the prime factors of b?
2
Suppose 45 = 3*h - 9. List the prime factors of (14 - h)*58/(-8).
29
Let g(l) = l - 1. Let x be g(16). What are the prime factors of 3*6 + -15 + x?
2, 3
Suppose t + 603 = 110. What are the prime factors of t*(-5)/20 - 2/8?
3, 41
Suppose 3*s = b + 358, -3*b = -2*b + 1. List the prime factors of s.
7, 17
Let z(p) = 3*p - 47. Let o be z(17). Suppose -5*b - o*f + 170 = -3*b, 3*b + 3*f = 246. List the prime factors of b.
79
Let f be (2/(-4))/((-8)/64). Suppose -4*m - 55 = -2*u + 1, 0 = f*u + 5*m - 138. What are the prime factors of u?
2
Suppose 4*z = 5*n - 8123, -4*n + 3585 = -z - 2920. What are the prime factors of n?
1627
Let o(s) = -s**3 - s**2 + s + 30. Let n be o(0). Let w = 42 - n. Suppose 4*l - w = 2*l. List the prime factors of l.
2, 3
Let w(a) = a**3 + 11*a**2 - 23*a - 4. Let q be w(-13). Let x = 73 + q. List the prime factors of x.
2, 3, 5
Suppose -3*c + h = -h - 238, -4*h = -3*c + 230. List the prime factors of c.
2, 41
Let q be -3 - -5 - (-3)/(-3). Let b = -1 + q. Suppose b = -2*v - 3*v + 10. List the prime factors of v.
2
Suppose -5*m = -0*m - 25. Suppose -3*z + 20 = r, 0*r + 20 = m*z - r. What are the prime factors of (z - 29)/((-6)/4)?
2
Let l be -6*(4 + (-16)/3). Suppose -3*r + 5*r - 274 = 0. Suppose 2*p - 3*m - 51 = -l*m, 5*p = -3*m + r. What are the prime factors of p?
2, 7
Suppose -3*q = 3*x - 6009, -x + 5*x = 4*q + 8004. What are the prime factors of x?
2, 7, 11, 13
Suppose -n = -6*n + 20. Suppose -2*z + 282 = n*z. What are the prime factors of z?
47
Let f(h) = -673*h + 1. Let q be f(-5). Let j(v) = v. Let t be j(2). List the prime factors of t/(-13) - q/(-78).
43
Let b(v) be the first derivative of -v**3 - v**2 + v + 7. Let k be b(-3). What are the prime factors of (k/(-15))/(1/18)?
2, 3
Suppose 0 = -p + 25 - 4. What are the prime factors of (-970)/(-14) + (-6)/p?
3, 23
Let r be (-9)/(-12) - 25/(-20). Suppose 80 = r*s + 12. What are the prime factors of s?
2, 17
Let z(h) = 6*h - 6. Let d = -12 - -16. Let i be z(d). Let f = 40 - i. What are the prime factors of f?
2, 11
Let b(t) = t**3 + 10*t**2 + 8*t + 1. Let x = 7 - 14. Let n = x + -1. List the prime factors of b(n).
5, 13
Let k = -7 + 7. Suppose 0*j = -2*j + 38. Suppose k = 4*l - 121 - j. List the prime factors of l.
5, 7
List the prime factors of 319/87*(129 - 0).
11, 43
Let y(n) = 10*n - 4. Suppose -3*q = -0*q - 39. Let u = q + -10. List the prime factors of y(u).
2, 13
Let t = 124 - 114. Suppose -2*c - 238 = -2*k + t, -5*c = k - 154. What are the prime factors of k?
3, 43
Let x = -841 + 1485. What are the prime factors of x?
2, 7, 23
Let m(s) = 3*s + 22. Let o be m(5). Suppose -o*d + 32*d + 525 = 0. List the prime factors of d.
3, 5, 7
Suppose -12*n - 13*n + 15750 = 0. List the prime factors of n.
2, 3, 5, 7
Suppose 3*b - q - 198 = -599, -b + q - 131 = 0. Let a = -67 - b. What are the prime factors of a?
2, 17
Let f be (-10)/3*3 - -2. Let z = 20 + f. What are the prime factors of z?
2, 3
Let j(v) = 6*v - 4*v + 2*v**3 + 3*v**2 - 1 - 1 + 1. List the prime factors of j(3).
2, 43
Let u = -125 - 1. Let a = u - -189. What are the prime factors of (3/9)/(3/a)?
7
Let l(n) = -10*n + 371. What are the prime factors of l(0)?
7, 53
Suppose -o - 2*y = -4*o + 2665, 2*o - 1765 = -y. What are the prime factors of o?
3, 5, 59
Let y(d) = -4*d + 19. Let f be y(4). Suppose f*p + 3*p = 678. What are the prime factors of p?
113
Suppose -9*h + 0 + 27 = 0. Suppose -130 = -h*o - 5*k, k - 262 = -5*o + 4*k. What are the prime factors of o?
2, 5
Suppose -2*v - 5*o = -34, -3*v + 4*o = 6*o - 29. Suppose 6 = -v*d + 9*d. Suppose 2*h = d*p + 80, -3*p + 15 = 4*h - 181. What are the prime factors of h?
2, 23
Suppose -4*g - 3*i = 2, 0 = 5*